{"id":30,"date":"2025-07-23T17:01:56","date_gmt":"2025-07-23T17:01:56","guid":{"rendered":"https:\/\/deltapanel.com.tr\/?page_id=30"},"modified":"2026-01-18T21:51:16","modified_gmt":"2026-01-18T18:51:16","slug":"iletisim","status":"publish","type":"page","link":"https:\/\/deltapanel.com.tr\/?page_id=30","title":{"rendered":"\u0130leti\u015fim"},"content":{"rendered":"\n<h3 class=\"wp-block-heading\">Bizimle \u0130leti\u015fime Ge\u00e7in<\/h3>\n\n\n\n<p>\u00dcr\u00fcnlerimiz, projeleriniz ya da teklif talepleriniz i\u00e7in bize diledi\u011finiz zaman ula\u015fabilirsiniz. Teknik destek, ke\u015fif hizmeti veya \u00f6zel \u00fcretim taleplerinizde uzman ekibimiz size yard\u0131mc\u0131 olmaktan memnuniyet duyar.<\/p>\n\n\n\n<hr class=\"wp-block-separator has-alpha-channel-opacity\"\/>\n\n\n\n<h3 class=\"wp-block-heading\">\ud83d\udccd Merkez Ofis<\/h3>\n\n\n\n<p><strong>Adres:<\/strong><br>\u014cnder Mah. Dikmeli CAD. No:25 Alt\u0131nda\u011f Ankara  \u2013 T\u00dcRK\u0130YE<br><strong>Telefon:<\/strong> (0312) 280 87 20<br><strong>E-posta:<\/strong> <a>info@deltapanel.com.tr<\/a><\/p>\n\n\n\n<hr class=\"wp-block-separator has-alpha-channel-opacity\"\/>\n\n\n\n<h3 class=\"wp-block-heading\">\ud83c\udfed Fabrika<\/h3>\n\n\n\n<p><strong>Adres:<\/strong><br>Yeni Bat\u0131, Fatih Sultan Mehmet Blv (\u0130stanbul Yolu) 17. Km. No: 628  06000 <br>Yenimahalle \u2013 ANKARA \u2013 T\u00dcRK\u0130YE<br><strong>Telefon:<\/strong> (0312) 212 76 20  &#8211;  (0312) 280 82 02 &#8211; 0533 623 44 02<\/p>\n\n\n\n<p><\/p>\n","protected":false},"excerpt":{"rendered":"<p>Bizimle \u0130leti\u015fime Ge\u00e7in \u00dcr\u00fcnlerimiz, projeleriniz ya da teklif talepleriniz i\u00e7in bize diledi\u011finiz zaman ula\u015fabilirsiniz. Teknik destek, ke\u015fif hizmeti veya \u00f6zel \u00fcretim taleplerinizde uzman ekibimiz size yard\u0131mc\u0131 olmaktan memnuniyet duyar. \ud83d\udccd Merkez Ofis Adres:\u014cnder Mah. Dikmeli CAD. No:25 Alt\u0131nda\u011f Ankara \u2013 T\u00dcRK\u0130YETelefon: (0312) 280 87 20E-posta: info@deltapanel.com.tr \ud83c\udfed Fabrika Adres:Yeni Bat\u0131, Fatih Sultan Mehmet Blv (\u0130stanbul [&hellip;]<\/p>\n","protected":false},"author":1,"featured_media":0,"parent":0,"menu_order":0,"comment_status":"closed","ping_status":"closed","template":"","meta":{"footnotes":""},"class_list":["post-30","page","type-page","status-publish","czr-hentry"],"_links":{"self":[{"href":"https:\/\/deltapanel.com.tr\/index.php?rest_route=\/wp\/v2\/pages\/30","targetHints":{"allow":["GET"]}}],"collection":[{"href":"https:\/\/deltapanel.com.tr\/index.php?rest_route=\/wp\/v2\/pages"}],"about":[{"href":"https:\/\/deltapanel.com.tr\/index.php?rest_route=\/wp\/v2\/types\/page"}],"author":[{"embeddable":true,"href":"https:\/\/deltapanel.com.tr\/index.php?rest_route=\/wp\/v2\/users\/1"}],"replies":[{"embeddable":true,"href":"https:\/\/deltapanel.com.tr\/index.php?rest_route=%2Fwp%2Fv2%2Fcomments&post=30"}],"version-history":[{"count":4,"href":"https:\/\/deltapanel.com.tr\/index.php?rest_route=\/wp\/v2\/pages\/30\/revisions"}],"predecessor-version":[{"id":73,"href":"https:\/\/deltapanel.com.tr\/index.php?rest_route=\/wp\/v2\/pages\/30\/revisions\/73"}],"wp:attachment":[{"href":"https:\/\/deltapanel.com.tr\/index.php?rest_route=%2Fwp%2Fv2%2Fmedia&parent=30"}],"curies":[{"name":"wp","href":"https:\/\/api.w.org\/{rel}","templated":true}]}}